{"id":19,"date":"2019-10-23T19:03:27","date_gmt":"2019-10-23T19:03:27","guid":{"rendered":"http:\/\/kantoreifulda.de\/?page_id=19"},"modified":"2019-10-29T11:46:09","modified_gmt":"2019-10-29T10:46:09","slug":"impressum","status":"publish","type":"page","link":"https:\/\/kantoreifulda.de\/?page_id=19","title":{"rendered":"Kontakt &#038; Impressum"},"content":{"rendered":"\n<p><strong>Evangelischer Kirchenkreis Fulda<br>K\u00f6rperschaft des \u00f6ffentlichen Rechts<\/strong><\/p>\n\n\n\n<p>Kantorei des Evangelischen Kirchenkreises<br>Heinrich-von-Bibra-Platz 14a<br>36037 Fulda<\/p>\n\n\n\n<p>Telefon: (0661) 83 88-300<br>E-Mail: <a href=\"mailto:kontakt@kantoreifulda.de\">kontakt@kantoreifulda.de<\/a><\/p>\n\n\n\n<p><strong>Verantwortlich f\u00fcr den Inhalt der Seite<\/strong><br>Kantor Andreas Schneidewind<\/p>\n\n\n\n<p><strong>Aufsichtsbeh\u00f6rde:<\/strong><br>Landeskirchenamt der EKKW<br>Postfach 410260<br>34114 Kassel<\/p>\n\n\n\n<p><strong>Gestaltung und Umsetzung<\/strong><br>Andreas Schneidewind<\/p>\n\n\n\n<p><strong>Bankverbindung<\/strong><br>Evangelische&nbsp;Bank e.G.<br>IBAN: DE65520604100001500104<br>BIC: GENODEF1EK1<\/p>\n\n\n\n<p>Angaben gem\u00e4\u00df \u00a7 5 TMG<\/p>\n\n\n\n<p><strong>Verantwortlich f\u00fcr den Inhalt nach \u00a7 55 Abs. 2 RStV:<\/strong><br>Diese Seiten umfassen Inhalte und Informationen aus der Kantorei des Evangelischen Kirchenkreises Fulda. Dazu geh\u00f6ren folgende Domains sowie deren Unterseiten:\u00a0www.kantoreifulda.de.<\/p>\n\n\n\n<p>Die Verantwortlichkeit richtet sich nach der Autorenschaft. Ansprechpartner s.o.<\/p>\n\n\n\n<p><strong>Hinweis zu Inhalten und Links<br><\/strong>Der Inhalt von www.kantoreifulda.de ist urheberrechtlich gesch\u00fctzt. Die Vervielf\u00e4ltigung, \u00c4nderung, Verbreitung oder Speicherung von Informationen oder Daten, insbesondere von Texten, Textteilen, interaktiven Anwendungen oder Bildmaterial \u2013 auch auszugsweise \u2013 bedarf der vorherigen schriftlichen Zustimmung der Redaktion. Diese Seiten inklusive Quelltext und Software d\u00fcrfen nicht ver\u00e4ndert, kopiert, wiederver\u00f6ffentlicht, \u00fcbertragen, verbreitet oder gespeichert werden.<\/p>\n\n\n\n<p>Eine Haftung f\u00fcr die Richtigkeit der auf www.kantoreifulda.de ver\u00f6ffentlichten Inhalte kann trotz sorgf\u00e4ltiger Pr\u00fcfung durch die Redaktion nicht \u00fcbernommen werden.<\/p>\n\n\n\n<p>Soweit www.kantoreifulda.de mittels Hyperlink auf Internet-Seiten Dritter verweist, dient dies allein Informationszwecken, ohne dass sich der Nutzer auf die Aktualit\u00e4t,  Richtigkeit oder Vollst\u00e4ndigkeit der Informationen berufen oder  verlassen kann.<\/p>\n\n\n\n<p><strong>Haftungsausschluss:<\/strong><\/p>\n\n\n\n<p><strong>Haftung f\u00fcr Inhalte<\/strong><\/p>\n\n\n\n<p>Die Inhalte unserer Seiten wurden mit gr\u00f6\u00dfter Sorgfalt erstellt. F\u00fcr  die Richtigkeit, Vollst\u00e4ndigkeit und Aktualit\u00e4t der Inhalte k\u00f6nnen wir jedoch keine Gew\u00e4hr \u00fcbernehmen. Als Diensteanbieter sind wir gem\u00e4\u00df \u00a7 7 Abs.1 TMG f\u00fcr eigene Inhalte auf diesen Seiten nach den allgemeinen Gesetzen verantwortlich. Nach \u00a7\u00a7 8 bis 10 TMG sind wir als Diensteanbieter jedoch nicht verpflichtet, \u00fcbermittelte oder gespeicherte fremde Informationen zu \u00fcberwachen oder nach Umst\u00e4nden zu  forschen, die auf eine rechtswidrige T\u00e4tigkeit hinweisen. Verpflichtungen zur Entfernung oder Sperrung der Nutzung von Informationen nach den allgemeinen Gesetzen bleiben hiervon unber\u00fchrt. Eine diesbez\u00fcgliche Haftung ist jedoch erst ab dem Zeitpunkt der  Kenntnis einer konkreten Rechtsverletzung m\u00f6glich. Bei Bekanntwerden von entsprechenden Rechtsverletzungen werden wir diese Inhalte umgehend entfernen.<\/p>\n\n\n\n<p><strong>Haftung f\u00fcr Links<\/strong><\/p>\n\n\n\n<p>Unser Angebot enth\u00e4lt Links zu externen Webseiten Dritter, auf deren \nInhalte wir keinen Einfluss haben. Deshalb k\u00f6nnen wir f\u00fcr diese fremden \nInhalte auch keine Gew\u00e4hr \u00fcbernehmen. F\u00fcr die Inhalte der verlinkten \nSeiten ist stets der jeweilige Anbieter oder Betreiber der Seiten \nverantwortlich. Die verlinkten Seiten wurden zum Zeitpunkt der \nVerlinkung auf m\u00f6gliche Rechtsverst\u00f6\u00dfe \u00fcberpr\u00fcft. Rechtswidrige Inhalte \nwaren zum Zeitpunkt der Verlinkung nicht erkennbar. Eine permanente \ninhaltliche Kontrolle der verlinkten Seiten ist jedoch ohne konkrete \nAnhaltspunkte einer Rechtsverletzung nicht zumutbar. Bei Bekanntwerden \nvon Rechtsverletzungen werden wir derartige Links umgehend entfernen.<\/p>\n\n\n\n<p><strong>Urheberrecht<\/strong><\/p>\n\n\n\n<p>Die durch die Seitenbetreiber erstellten Inhalte und Werke auf diesen  Seiten unterliegen dem deutschen Urheberrecht. Die Vervielf\u00e4ltigung,  Bearbeitung, Verbreitung und jede Art der Verwertung au\u00dferhalb der  Grenzen des Urheberrechtes bed\u00fcrfen der schriftlichen Zustimmung des  jeweiligen Autors bzw. Erstellers. Downloads und Kopien dieser Seite sind nur f\u00fcr den privaten, nicht kommerziellen Gebrauch gestattet. Soweit die Inhalte auf dieser Seite nicht vom Betreiber erstellt wurden, werden die Urheberrechte Dritter beachtet. Insbesondere werden Inhalte Dritter als solche gekennzeichnet. Sollten Sie trotzdem auf eine Urheberrechtsverletzung aufmerksam werden, bitten wir um einen  entsprechenden Hinweis. Bei Bekanntwerden von Rechtsverletzungen werden wir derartige Inhalte umgehend entfernen.<\/p>\n\n\n\n<p><strong>Datenschutz<\/strong><\/p>\n\n\n\n<p>Die Nutzung unserer Webseite ist in der Regel ohne Angabe  personenbezogener Daten m\u00f6glich. Soweit auf unseren Seiten  personenbezogene Daten (beispielsweise Name, Anschrift oder eMail-Adressen) erhoben werden, erfolgt dies, soweit m\u00f6glich, stets auf  freiwilliger Basis. Diese Daten werden nicht an Dritte weitergegeben.<br>Wir weisen darauf hin, dass die Daten\u00fcbertragung im Internet (z.B. bei der Kommunikation per E-Mail) Sicherheitsl\u00fccken aufweisen kann. Ein  l\u00fcckenloser Schutz der Daten vor dem Zugriff durch Dritte ist nicht  m\u00f6glich.<\/p>\n\n\n\n<p>Der Nutzung von im Rahmen der Impressumspflicht ver\u00f6ffentlichten \nKontaktdaten durch Dritte zur \u00dcbersendung von nicht ausdr\u00fccklich \nangeforderter Werbung und Informationsmaterialien wird hiermit \nausdr\u00fccklich widersprochen. Die Betreiber der Seiten behalten sich \nausdr\u00fccklich rechtliche Schritte im Falle der unverlangten Zusendung von\n Werbeinformationen, etwa durch Spam-Mails, vor.<\/p>\n\n\n\n<p>Hinweise zu Google Maps<\/p>\n\n\n\n<p>Im Angebot verwenden wir das Produkt Google Maps von Google Inc. z.B.  zur Anzeige von Lagekarten im Verzeichnis der Gemeinden. Google Maps  wird von Google Inc., 1600 Amphitheatre Parkway, Mountain View, CA  94043, USA betrieben. Durch Nutzung dieser Webseite erkl\u00e4ren Sie sich mit der Erfassung, Bearbeitung sowie Nutzung der automatisiert erhobenen  Daten durch Google Inc, deren Vertreter sowie Dritter einverstanden. Die Nutzungsbedingungen von Google Maps finden Sie hier: Verlinken auf <a rel=\"noreferrer noopener\" href=\"http:\/\/www.google.com\/intl\/de_de\/help\/terms_maps.html\" target=\"_blank\">www.google.com\/intl\/de_de\/help\/terms_maps.html<\/a><\/p>\n\n\n\n<p>Analysedienste<\/p>\n\n\n\n<p>Unsere Website verwendet Piwik, dabei handelt es sich um einen  sogenannten Webanalysedienst. Piwik verwendet sog. \u201eCookies\u201c, das sind  Textdateien, die auf Ihrem Computer gespeichert werden und die  unsererseits eine Analyse der Benutzung der Webseite erm\u00f6glichen. Zu  diesem Zweck werden die durch den Cookie erzeugten Nutzungsinformationen  (einschlie\u00dflich Ihrer gek\u00fcrzten IP-Adresse) an unseren Server \u00fcbertragen und zu Nutzungsanalysezwecken gespeichert, was der Webseitenoptimierung unsererseits dient. Ihre IP-Adresse wird bei diesem Vorgang umge\u00adhend anony\u00admi\u00adsiert, so dass Sie als Nutzer f\u00fcr uns anonym bleiben. Die durch den Cookie erzeugten Informationen \u00fcber Ihre  Benutzung dieser Webseite werden nicht an Dritte weitergegeben. Sie  k\u00f6nnen die Verwendung der Cookies durch eine entsprechende Einstellung  Ihrer Browser Software verhindern.<\/p>\n\n\n\n<p><strong>Fragen zum Datenschutz<\/strong><\/p>\n\n\n\n<p><em><strong>Datenschutzbeauftragte<\/strong><\/em><\/p>\n\n\n\n<p>Mit Ihren Fragen zum Thema Datenschutz bei der Evangelischen Kirche \nvon Kurhessen-Waldeck (EKKW), k\u00f6nnen Sie sich an die \u00f6rtlich Beauftragte\n f\u00fcr Datenschutz des Landeskirchenamtes wenden:<\/p>\n\n\n\n<p><strong>Kerstin Koch<\/strong><br>\n\u00d6rtlich Beauftragte f\u00fcr den Datenschutz<\/p>\n\n\n\n<p>Telefon: 0561\/9378-387<br>\nE-Mail: <a>datenschutz@ekkw.de<\/a><\/p>\n\n\n\n<p>Die Aufgaben der Datenschutzaufsicht der EKKW werden durch den  Beauftragten f\u00fcr den Datenschutz der Evangelischen Kirche in Deutschland  (BfD EKD) wahrgenommen. Als Ansprechpartner f\u00fcr Datenschutzanfragen aus  dem Bereich der EKKW ist das Team der Au\u00dfenstelle Dortmund des BfD EKD zust\u00e4ndig. Wenn Sie der Ansicht sind, bei der Erhebung, Verarbeitung  oder Nutzung Ihrer personenbezogenen Daten durch Stellen der EKKW in Ihren Rechten verletzt worden zu sein, wenden Sie sich bitte an:<\/p>\n\n\n\n<p><em><strong>Der Beauftragte f\u00fcr den Datenschutz der Evangelischen Kirche in Deutschland<\/strong><\/em><br>\nAu\u00dfenstelle Dortmund<br>\nFriedhof 4<br>\n44135 Dortmund<\/p>\n\n\n\n<p>Telefon: 0231\/533827-0<br>\nFax: 0231\/533827-20<br>\nE-Mail: <a>mitte-west@datenschutz.ekd.de<\/a><br>\nInternet: <a href=\"https:\/\/datenschutz.ekd.de\/\" target=\"_blank\" rel=\"noreferrer noopener\">datenschutz.ekd.de<\/a><\/p>\n","protected":false},"excerpt":{"rendered":"<p>Evangelischer Kirchenkreis FuldaK\u00f6rperschaft des \u00f6ffentlichen Rechts Kantorei des Evangelischen KirchenkreisesHeinrich-von-Bibra-Platz 14a36037 Fulda Telefon: (0661) 83 88-300E-Mail: kontakt@kantoreifulda.de Verantwortlich f\u00fcr den Inhalt der SeiteKantor Andreas Schneidewind Aufsichtsbeh\u00f6rde:Landeskirchenamt der EKKWPostfach 41026034114 Kassel Gestaltung und UmsetzungAndreas Schneidewind BankverbindungEvangelische&nbsp;Bank e.G.IBAN: DE65520604100001500104BIC: GENODEF1EK1 Angaben gem\u00e4\u00df \u00a7 5 TMG Verantwortlich f\u00fcr den Inhalt nach \u00a7 55 Abs. 2 RStV:Diese Seiten umfassen [&hellip;]<\/p>\n","protected":false},"author":1,"featured_media":0,"parent":0,"menu_order":10,"comment_status":"closed","ping_status":"closed","template":"","meta":{"footnotes":""},"class_list":["post-19","page","type-page","status-publish","hentry"],"_links":{"self":[{"href":"https:\/\/kantoreifulda.de\/index.php?rest_route=\/wp\/v2\/pages\/19","targetHints":{"allow":["GET"]}}],"collection":[{"href":"https:\/\/kantoreifulda.de\/index.php?rest_route=\/wp\/v2\/pages"}],"about":[{"href":"https:\/\/kantoreifulda.de\/index.php?rest_route=\/wp\/v2\/types\/page"}],"author":[{"embeddable":true,"href":"https:\/\/kantoreifulda.de\/index.php?rest_route=\/wp\/v2\/users\/1"}],"replies":[{"embeddable":true,"href":"https:\/\/kantoreifulda.de\/index.php?rest_route=%2Fwp%2Fv2%2Fcomments&post=19"}],"version-history":[{"count":7,"href":"https:\/\/kantoreifulda.de\/index.php?rest_route=\/wp\/v2\/pages\/19\/revisions"}],"predecessor-version":[{"id":225,"href":"https:\/\/kantoreifulda.de\/index.php?rest_route=\/wp\/v2\/pages\/19\/revisions\/225"}],"wp:attachment":[{"href":"https:\/\/kantoreifulda.de\/index.php?rest_route=%2Fwp%2Fv2%2Fmedia&parent=19"}],"curies":[{"name":"wp","href":"https:\/\/api.w.org\/{rel}","templated":true}]}}