{"id":25,"date":"2019-10-25T08:42:54","date_gmt":"2019-10-25T07:42:54","guid":{"rendered":"http:\/\/kantoreifulda.de\/?page_id=25"},"modified":"2019-10-26T09:16:18","modified_gmt":"2019-10-26T08:16:18","slug":"foerderverein","status":"publish","type":"page","link":"https:\/\/kantoreifulda.de\/?page_id=25","title":{"rendered":"F\u00f6rderverein"},"content":{"rendered":"\n<p class=\"has-medium-font-size\"><span style=\"color: #8e2a82;\"><strong>Verein zur F\u00f6rderung der Kirchenmusik im Bereich der Evangelischen Gesamtgemeinde Fulda e.V.<\/strong><\/span><\/p>\n\n\n\n<figure class=\"wp-block-image\"><img loading=\"lazy\" decoding=\"async\" width=\"800\" height=\"260\" src=\"https:\/\/kantoreifulda.de\/wp-content\/uploads\/2019\/10\/Entwurf_F\u00f6rderverein_klein.jpg\" alt=\"\" class=\"wp-image-26\" srcset=\"https:\/\/kantoreifulda.de\/wp-content\/uploads\/2019\/10\/Entwurf_F\u00f6rderverein_klein.jpg 800w, https:\/\/kantoreifulda.de\/wp-content\/uploads\/2019\/10\/Entwurf_F\u00f6rderverein_klein-300x98.jpg 300w, https:\/\/kantoreifulda.de\/wp-content\/uploads\/2019\/10\/Entwurf_F\u00f6rderverein_klein-768x250.jpg 768w, https:\/\/kantoreifulda.de\/wp-content\/uploads\/2019\/10\/Entwurf_F\u00f6rderverein_klein-1x1.jpg 1w\" sizes=\"auto, (max-width: 800px) 100vw, 800px\" \/><\/figure>\n\n\n\n<h3 class=\"wp-block-heading\">Partner f\u00fcr die Kirchenmusik<\/h3>\n\n\n\n<h4 class=\"wp-block-heading\">Kirchenmusik ist eine Lebens\u00e4u\u00dferung des Glaubens. Sie bietet Orientierung und bewirkt Freude.<\/h4>\n\n\n\n<p>Der 1997 gegr\u00fcndete Verein hat es sich zur Aufgabe gemacht, die  Kirchenmusik im Bereich der Evangelischen Gesamtgemeinde Fulda,  insbesondere die Arbeit der Evangelischen Kantorei, finanziell und ideell zu unterst\u00fctzen. Das kirchenmusikalische Angebot der  Gesamtgemeinde mit Orgel-,  Kammerkonzerten und Oratorienauff\u00fchrungen kann mit Mitteln der Kirchengemeinden allein nicht mehr aufrecht erhalten werden. Nur Dank wesentlicher finanzieller Unterst\u00fctzung des F\u00f6rdervereins (bis zu 50% der Konzertkosten wurden in den letzten Jahren von ihm getragen) konnten seit 1997 zahlreiche Oratorienauff\u00fchrungen sowie die seit 2005 j\u00e4hrlich stattfindende Orgelnacht erm\u00f6glicht werden.<\/p>\n\n\n\n<h4 class=\"wp-block-heading\">Keine CD-Einspielung erm\u00f6glicht das geistliche Erlebnis und die  unmittelbare Begegnung mit der Musik wie ein Konzert. <a href=\"https:\/\/kantoreifulda.de\/?page_id=28\">Werden auch Sie unser Partner!<\/a><\/h4>\n","protected":false},"excerpt":{"rendered":"<p>Verein zur F\u00f6rderung der Kirchenmusik im Bereich der Evangelischen Gesamtgemeinde Fulda e.V. Partner f\u00fcr die Kirchenmusik Kirchenmusik ist eine Lebens\u00e4u\u00dferung des Glaubens. Sie bietet Orientierung und bewirkt Freude. Der 1997 gegr\u00fcndete Verein hat es sich zur Aufgabe gemacht, die Kirchenmusik im Bereich der Evangelischen Gesamtgemeinde Fulda, insbesondere die Arbeit der Evangelischen Kantorei, finanziell und ideell [&hellip;]<\/p>\n","protected":false},"author":1,"featured_media":0,"parent":0,"menu_order":8,"comment_status":"closed","ping_status":"closed","template":"","meta":{"footnotes":""},"class_list":["post-25","page","type-page","status-publish","hentry"],"_links":{"self":[{"href":"https:\/\/kantoreifulda.de\/index.php?rest_route=\/wp\/v2\/pages\/25","targetHints":{"allow":["GET"]}}],"collection":[{"href":"https:\/\/kantoreifulda.de\/index.php?rest_route=\/wp\/v2\/pages"}],"about":[{"href":"https:\/\/kantoreifulda.de\/index.php?rest_route=\/wp\/v2\/types\/page"}],"author":[{"embeddable":true,"href":"https:\/\/kantoreifulda.de\/index.php?rest_route=\/wp\/v2\/users\/1"}],"replies":[{"embeddable":true,"href":"https:\/\/kantoreifulda.de\/index.php?rest_route=%2Fwp%2Fv2%2Fcomments&post=25"}],"version-history":[{"count":3,"href":"https:\/\/kantoreifulda.de\/index.php?rest_route=\/wp\/v2\/pages\/25\/revisions"}],"predecessor-version":[{"id":160,"href":"https:\/\/kantoreifulda.de\/index.php?rest_route=\/wp\/v2\/pages\/25\/revisions\/160"}],"wp:attachment":[{"href":"https:\/\/kantoreifulda.de\/index.php?rest_route=%2Fwp%2Fv2%2Fmedia&parent=25"}],"curies":[{"name":"wp","href":"https:\/\/api.w.org\/{rel}","templated":true}]}}

Förderverein

<p class="has-medium-font-size"><span style="color: #8e2a82;"><strong>Verein zur Förderung der Kirchenmusik im Bereich der Evangelischen Gesamtgemeinde Fulda e.V.</strong></span></p>



<figure class="wp-block-image"><img loading="lazy" decoding="async" width="800" height="260" src="https://kantoreifulda.de/wp-content/uploads/2019/10/Entwurf_Förderverein_klein.jpg" alt="" class="wp-image-26" srcset="https://kantoreifulda.de/wp-content/uploads/2019/10/Entwurf_Förderverein_klein.jpg 800w, https://kantoreifulda.de/wp-content/uploads/2019/10/Entwurf_Förderverein_klein-300x98.jpg 300w, https://kantoreifulda.de/wp-content/uploads/2019/10/Entwurf_Förderverein_klein-768x250.jpg 768w, https://kantoreifulda.de/wp-content/uploads/2019/10/Entwurf_Förderverein_klein-1x1.jpg 1w" sizes="auto, (max-width: 800px) 100vw, 800px" /></figure>



<h3 class="wp-block-heading">Partner für die Kirchenmusik</h3>



<h4 class="wp-block-heading">Kirchenmusik ist eine Lebensäußerung des Glaubens. Sie bietet Orientierung und bewirkt Freude.</h4>



<p>Der 1997 gegründete Verein hat es sich zur Aufgabe gemacht, die  Kirchenmusik im Bereich der Evangelischen Gesamtgemeinde Fulda,  insbesondere die Arbeit der Evangelischen Kantorei, finanziell und ideell zu unterstützen. Das kirchenmusikalische Angebot der  Gesamtgemeinde mit Orgel-,  Kammerkonzerten und Oratorienaufführungen kann mit Mitteln der Kirchengemeinden allein nicht mehr aufrecht erhalten werden. Nur Dank wesentlicher finanzieller Unterstützung des Fördervereins (bis zu 50% der Konzertkosten wurden in den letzten Jahren von ihm getragen) konnten seit 1997 zahlreiche Oratorienaufführungen sowie die seit 2005 jährlich stattfindende Orgelnacht ermöglicht werden.</p>



<h4 class="wp-block-heading">Keine CD-Einspielung ermöglicht das geistliche Erlebnis und die  unmittelbare Begegnung mit der Musik wie ein Konzert. <a href="https://kantoreifulda.de/?page_id=28">Werden auch Sie unser Partner!</a></h4>

<p>Verein zur Förderung der Kirchenmusik im Bereich der Evangelischen Gesamtgemeinde Fulda e.V. Partner für die Kirchenmusik Kirchenmusik ist eine Lebensäußerung des Glaubens. Sie bietet Orientierung und bewirkt Freude. Der 1997 gegründete Verein hat es sich zur Aufgabe gemacht, die Kirchenmusik im Bereich der Evangelischen Gesamtgemeinde Fulda, insbesondere die Arbeit der Evangelischen Kantorei, finanziell und ideell [&hellip;]</p>
