{"id":28,"date":"2019-10-25T08:46:17","date_gmt":"2019-10-25T08:46:17","guid":{"rendered":"http:\/\/kantoreifulda.de\/?page_id=28"},"modified":"2023-03-13T11:04:22","modified_gmt":"2023-03-13T10:04:22","slug":"vorstand","status":"publish","type":"page","link":"https:\/\/kantoreifulda.de\/?page_id=28","title":{"rendered":"Vorstand &#038; Kontakt"},"content":{"rendered":"\n<h3 class=\"wp-block-heading\">Im Vorstand des F\u00f6rdervereins arbeiten mit:<\/h3>\n\n\n\n<p><strong>Katharina Glawe<\/strong><br>(Vorsitzende)<\/p>\n\n\n\n<p><strong><strong>Stephanie Vautz<\/strong><\/strong><br>(2. Vorsitzende) <\/p>\n\n\n\n<p><strong>Mechthild Morkel<\/strong><br>(Kassenf\u00fchrung)<\/p>\n\n\n\n<p><strong>Tina Oehm-Ludwig<\/strong><br>(Schriftf\u00fchrerin)   <\/p>\n\n\n\n<p>Als beratende Mitglieder stehen Kantor Andreas Schneidewind und Bezirkskantorin Brigitte Lamohr dem Verein zur Verf\u00fcgung.  <\/p>\n\n\n\n<h4 class=\"wp-block-heading\">Anschrift des F\u00f6rdervereins<\/h4>\n\n\n\n<p>Heinrich-von-Bibra-Platz 14a<br>36037 Fulda<br>Mail : <a href=\"mailto:ev.verein@gmx.de\">ev.verein@gmx.de<\/a> <\/p>\n\n\n\n<h4 class=\"wp-block-heading\">Bankverbindung<\/h4>\n\n\n\n<p>Sparkasse Fulda (IBAN DE35 5305 0180 0040 0311 87)<\/p>\n","protected":false},"excerpt":{"rendered":"<p>Im Vorstand des F\u00f6rdervereins arbeiten mit: Katharina Glawe(Vorsitzende) Stephanie Vautz(2. Vorsitzende) Mechthild Morkel(Kassenf\u00fchrung) Tina Oehm-Ludwig(Schriftf\u00fchrerin) Als beratende Mitglieder stehen Kantor Andreas Schneidewind und Bezirkskantorin Brigitte Lamohr dem Verein zur Verf\u00fcgung. Anschrift des F\u00f6rdervereins Heinrich-von-Bibra-Platz 14a36037 FuldaMail : ev.verein@gmx.de Bankverbindung Sparkasse Fulda (IBAN DE35 5305 0180 0040 0311 87)<\/p>\n","protected":false},"author":1,"featured_media":0,"parent":25,"menu_order":1,"comment_status":"closed","ping_status":"closed","template":"","meta":{"footnotes":""},"class_list":["post-28","page","type-page","status-publish","hentry"],"_links":{"self":[{"href":"https:\/\/kantoreifulda.de\/index.php?rest_route=\/wp\/v2\/pages\/28","targetHints":{"allow":["GET"]}}],"collection":[{"href":"https:\/\/kantoreifulda.de\/index.php?rest_route=\/wp\/v2\/pages"}],"about":[{"href":"https:\/\/kantoreifulda.de\/index.php?rest_route=\/wp\/v2\/types\/page"}],"author":[{"embeddable":true,"href":"https:\/\/kantoreifulda.de\/index.php?rest_route=\/wp\/v2\/users\/1"}],"replies":[{"embeddable":true,"href":"https:\/\/kantoreifulda.de\/index.php?rest_route=%2Fwp%2Fv2%2Fcomments&post=28"}],"version-history":[{"count":9,"href":"https:\/\/kantoreifulda.de\/index.php?rest_route=\/wp\/v2\/pages\/28\/revisions"}],"predecessor-version":[{"id":295,"href":"https:\/\/kantoreifulda.de\/index.php?rest_route=\/wp\/v2\/pages\/28\/revisions\/295"}],"up":[{"embeddable":true,"href":"https:\/\/kantoreifulda.de\/index.php?rest_route=\/wp\/v2\/pages\/25"}],"wp:attachment":[{"href":"https:\/\/kantoreifulda.de\/index.php?rest_route=%2Fwp%2Fv2%2Fmedia&parent=28"}],"curies":[{"name":"wp","href":"https:\/\/api.w.org\/{rel}","templated":true}]}}

<h3 class="wp-block-heading">Im Vorstand des Fördervereins arbeiten mit:</h3>



<p><strong>Katharina Glawe</strong><br>(Vorsitzende)</p>



<p><strong><strong>Stephanie Vautz</strong></strong><br>(2. Vorsitzende) </p>



<p><strong>Mechthild Morkel</strong><br>(Kassenführung)</p>



<p><strong>Tina Oehm-Ludwig</strong><br>(Schriftführerin)   </p>



<p>Als beratende Mitglieder stehen Kantor Andreas Schneidewind und Bezirkskantorin Brigitte Lamohr dem Verein zur Verfügung.  </p>



<h4 class="wp-block-heading">Anschrift des Fördervereins</h4>



<p>Heinrich-von-Bibra-Platz 14a<br>36037 Fulda<br>Mail : <a href="mailto:ev.verein@gmx.de">ev.verein@gmx.de</a> </p>



<h4 class="wp-block-heading">Bankverbindung</h4>



<p>Sparkasse Fulda (IBAN DE35 5305 0180 0040 0311 87)</p>

<p>Im Vorstand des Fördervereins arbeiten mit: Katharina Glawe(Vorsitzende) Stephanie Vautz(2. Vorsitzende) Mechthild Morkel(Kassenführung) Tina Oehm-Ludwig(Schriftführerin) Als beratende Mitglieder stehen Kantor Andreas Schneidewind und Bezirkskantorin Brigitte Lamohr dem Verein zur Verfügung. Anschrift des Fördervereins Heinrich-von-Bibra-Platz 14a36037 FuldaMail : ev.verein@gmx.de Bankverbindung Sparkasse Fulda (IBAN DE35 5305 0180 0040 0311 87)</p>
