{"id":9,"date":"2019-10-23T18:27:56","date_gmt":"2019-10-23T18:27:56","guid":{"rendered":"http:\/\/kantoreifulda.de\/?page_id=9"},"modified":"2019-10-25T23:14:17","modified_gmt":"2019-10-25T22:14:17","slug":"ueber-uns","status":"publish","type":"page","link":"https:\/\/kantoreifulda.de\/?page_id=9","title":{"rendered":"\u00dcber uns"},"content":{"rendered":"\n<p>Nach dem 2. Weltkrieg begann mit dem seit Herbst 1946 als Kirchenmusiker angestellten <strong>Kurt Freitag<\/strong> eine beispielhafte kirchenmusikalische Arbeit in Fulda. In einem Brief an die Landeskirche schreibt der damalige Pfarrer Kappner unter anderem:<\/p>\n\n\n\n<blockquote class=\"wp-block-quote is-layout-flow wp-block-quote-is-layout-flow\"><p> <em>&#8222;Die Anstellung eines hauptamtlichen Organisten ist im Hinblick auf die Vorpostenstellung der Gemeinde Fulda erfolgt. Es erscheint der Gemeinde wichtig, gegen\u00fcber der gut ausge\u00fcbten katholischen Kirchenmusik die evangelische Kirchenmusik recht zu vertreten.&#8220;<\/em><\/p><\/blockquote>\n\n\n\n<p>Am 1. November 1966 wird <strong>Manfred Kroh<\/strong> Nachfolger von Kurt Freitag. Er hatte an der damaligen Kirchenmusikschule in Schl\u00fcchtern sein Studium absolviert. In seine Zeit als Chorleiter f\u00e4llt auch die Umbenennung des Chores in <em>Kantorei der Christuskirche<\/em> bzw. <em>Kantorei der Gesamtgemeinde<\/em>. 1981 wurde Manfred Kroh auf Grund seiner Verdienste um die evangelische Kirchenmusik der Titel <em>Kirchenmusikdirektor<\/em> verliehen.<\/p>\n\n\n\n<p>Nach dem Tod Manfred Krohs im Dezember 1993 sprangen\nLandeskirchenmusikdirektor Martin Bartsch und der Leiter der\nKirchenmusikalischen Fortbildungsst\u00e4tte KMD Gunther Martin G\u00f6ttsche bis zur\nNeubesetzung der Stelle ein.<\/p>\n\n\n\n<p>Mit dem Beginn des Jahres 1995 begann <strong>Christian Mellin<\/strong> seinen Dienst als Kantor an der Christuskirche und Bezirkskantor des Kirchenkreises Fulda. Er initiierte unter anderem die <em>Bach-Kantaten zum Mitsingen<\/em> und f\u00fchrte die regelm\u00e4\u00dfige Auff\u00fchrung von gro\u00dfen Oratorien fort.<\/p>\n\n\n\n<p>Seit Januar 2015 hat Kantor <strong><a href=\"https:\/\/kantoreifulda.de\/?page_id=121\">Andreas Schneidewind<\/a><\/strong>, Leiter der Kirchenmusikalischen Fortbildungsst\u00e4tte Schl\u00fcchtern, die Leitung der Kantorei inne.<\/p>\n\n\n\n<figure class=\"wp-block-image\"><img loading=\"lazy\" decoding=\"async\" width=\"1024\" height=\"768\" src=\"https:\/\/kantoreifulda.de\/wp-content\/uploads\/2019\/10\/Ev-Kantorei-Fulda-1024x768.jpg\" alt=\"\" class=\"wp-image-119\" srcset=\"https:\/\/kantoreifulda.de\/wp-content\/uploads\/2019\/10\/Ev-Kantorei-Fulda-1024x768.jpg 1024w, https:\/\/kantoreifulda.de\/wp-content\/uploads\/2019\/10\/Ev-Kantorei-Fulda-300x225.jpg 300w, https:\/\/kantoreifulda.de\/wp-content\/uploads\/2019\/10\/Ev-Kantorei-Fulda-768x576.jpg 768w, https:\/\/kantoreifulda.de\/wp-content\/uploads\/2019\/10\/Ev-Kantorei-Fulda-1x1.jpg 1w, https:\/\/kantoreifulda.de\/wp-content\/uploads\/2019\/10\/Ev-Kantorei-Fulda.jpg 1280w\" sizes=\"auto, (max-width: 1024px) 100vw, 1024px\" \/><\/figure>\n","protected":false},"excerpt":{"rendered":"<p>Nach dem 2. Weltkrieg begann mit dem seit Herbst 1946 als Kirchenmusiker angestellten Kurt Freitag eine beispielhafte kirchenmusikalische Arbeit in Fulda. In einem Brief an die Landeskirche schreibt der damalige Pfarrer Kappner unter anderem: &#8222;Die Anstellung eines hauptamtlichen Organisten ist im Hinblick auf die Vorpostenstellung der Gemeinde Fulda erfolgt. Es erscheint der Gemeinde wichtig, gegen\u00fcber [&hellip;]<\/p>\n","protected":false},"author":1,"featured_media":0,"parent":78,"menu_order":1,"comment_status":"closed","ping_status":"closed","template":"","meta":{"footnotes":""},"class_list":["post-9","page","type-page","status-publish","hentry"],"_links":{"self":[{"href":"https:\/\/kantoreifulda.de\/index.php?rest_route=\/wp\/v2\/pages\/9","targetHints":{"allow":["GET"]}}],"collection":[{"href":"https:\/\/kantoreifulda.de\/index.php?rest_route=\/wp\/v2\/pages"}],"about":[{"href":"https:\/\/kantoreifulda.de\/index.php?rest_route=\/wp\/v2\/types\/page"}],"author":[{"embeddable":true,"href":"https:\/\/kantoreifulda.de\/index.php?rest_route=\/wp\/v2\/users\/1"}],"replies":[{"embeddable":true,"href":"https:\/\/kantoreifulda.de\/index.php?rest_route=%2Fwp%2Fv2%2Fcomments&post=9"}],"version-history":[{"count":5,"href":"https:\/\/kantoreifulda.de\/index.php?rest_route=\/wp\/v2\/pages\/9\/revisions"}],"predecessor-version":[{"id":210,"href":"https:\/\/kantoreifulda.de\/index.php?rest_route=\/wp\/v2\/pages\/9\/revisions\/210"}],"up":[{"embeddable":true,"href":"https:\/\/kantoreifulda.de\/index.php?rest_route=\/wp\/v2\/pages\/78"}],"wp:attachment":[{"href":"https:\/\/kantoreifulda.de\/index.php?rest_route=%2Fwp%2Fv2%2Fmedia&parent=9"}],"curies":[{"name":"wp","href":"https:\/\/api.w.org\/{rel}","templated":true}]}}

Über uns

<p>Nach dem 2. Weltkrieg begann mit dem seit Herbst 1946 als Kirchenmusiker angestellten <strong>Kurt Freitag</strong> eine beispielhafte kirchenmusikalische Arbeit in Fulda. In einem Brief an die Landeskirche schreibt der damalige Pfarrer Kappner unter anderem:</p>



<blockquote class="wp-block-quote is-layout-flow wp-block-quote-is-layout-flow"><p> <em>&#8222;Die Anstellung eines hauptamtlichen Organisten ist im Hinblick auf die Vorpostenstellung der Gemeinde Fulda erfolgt. Es erscheint der Gemeinde wichtig, gegenüber der gut ausgeübten katholischen Kirchenmusik die evangelische Kirchenmusik recht zu vertreten.&#8220;</em></p></blockquote>



<p>Am 1. November 1966 wird <strong>Manfred Kroh</strong> Nachfolger von Kurt Freitag. Er hatte an der damaligen Kirchenmusikschule in Schlüchtern sein Studium absolviert. In seine Zeit als Chorleiter fällt auch die Umbenennung des Chores in <em>Kantorei der Christuskirche</em> bzw. <em>Kantorei der Gesamtgemeinde</em>. 1981 wurde Manfred Kroh auf Grund seiner Verdienste um die evangelische Kirchenmusik der Titel <em>Kirchenmusikdirektor</em> verliehen.</p>



<p>Nach dem Tod Manfred Krohs im Dezember 1993 sprangen
Landeskirchenmusikdirektor Martin Bartsch und der Leiter der
Kirchenmusikalischen Fortbildungsstätte KMD Gunther Martin Göttsche bis zur
Neubesetzung der Stelle ein.</p>



<p>Mit dem Beginn des Jahres 1995 begann <strong>Christian Mellin</strong> seinen Dienst als Kantor an der Christuskirche und Bezirkskantor des Kirchenkreises Fulda. Er initiierte unter anderem die <em>Bach-Kantaten zum Mitsingen</em> und führte die regelmäßige Aufführung von großen Oratorien fort.</p>



<p>Seit Januar 2015 hat Kantor <strong><a href="https://kantoreifulda.de/?page_id=121">Andreas Schneidewind</a></strong>, Leiter der Kirchenmusikalischen Fortbildungsstätte Schlüchtern, die Leitung der Kantorei inne.</p>



<figure class="wp-block-image"><img loading="lazy" decoding="async" width="1024" height="768" src="https://kantoreifulda.de/wp-content/uploads/2019/10/Ev-Kantorei-Fulda-1024x768.jpg" alt="" class="wp-image-119" srcset="https://kantoreifulda.de/wp-content/uploads/2019/10/Ev-Kantorei-Fulda-1024x768.jpg 1024w, https://kantoreifulda.de/wp-content/uploads/2019/10/Ev-Kantorei-Fulda-300x225.jpg 300w, https://kantoreifulda.de/wp-content/uploads/2019/10/Ev-Kantorei-Fulda-768x576.jpg 768w, https://kantoreifulda.de/wp-content/uploads/2019/10/Ev-Kantorei-Fulda-1x1.jpg 1w, https://kantoreifulda.de/wp-content/uploads/2019/10/Ev-Kantorei-Fulda.jpg 1280w" sizes="auto, (max-width: 1024px) 100vw, 1024px" /></figure>

<p>Nach dem 2. Weltkrieg begann mit dem seit Herbst 1946 als Kirchenmusiker angestellten Kurt Freitag eine beispielhafte kirchenmusikalische Arbeit in Fulda. In einem Brief an die Landeskirche schreibt der damalige Pfarrer Kappner unter anderem: &#8222;Die Anstellung eines hauptamtlichen Organisten ist im Hinblick auf die Vorpostenstellung der Gemeinde Fulda erfolgt. Es erscheint der Gemeinde wichtig, gegenüber [&hellip;]</p>
